{"id":92,"date":"2025-10-30T22:30:21","date_gmt":"2025-10-30T22:30:21","guid":{"rendered":"https:\/\/mccs.pt\/bem-vindo\/?page_id=92"},"modified":"2025-10-30T22:30:27","modified_gmt":"2025-10-30T22:30:27","slug":"contacto","status":"publish","type":"page","link":"https:\/\/mccs.pt\/bem-vindo\/contacto\/","title":{"rendered":"Contacto"},"content":{"rendered":"<style id=\"wpforms-css-vars-86-block-9a5043ea-7f1c-4b65-8921-9fe5d5c78d95\">\n\t\t\t\t#wpforms-86.wpforms-block-9a5043ea-7f1c-4b65-8921-9fe5d5c78d95 {\n\t\t\t\t--wpforms-field-size-input-height: 43px;\n--wpforms-field-size-input-spacing: 15px;\n--wpforms-field-size-font-size: 16px;\n--wpforms-field-size-line-height: 19px;\n--wpforms-field-size-padding-h: 14px;\n--wpforms-field-size-checkbox-size: 16px;\n--wpforms-field-size-sublabel-spacing: 5px;\n--wpforms-field-size-icon-size: 1;\n--wpforms-label-size-font-size: 16px;\n--wpforms-label-size-line-height: 19px;\n--wpforms-label-size-sublabel-font-size: 14px;\n--wpforms-label-size-sublabel-line-height: 17px;\n--wpforms-button-size-font-size: 17px;\n--wpforms-button-size-height: 41px;\n--wpforms-button-size-padding-h: 15px;\n--wpforms-button-size-margin-top: 10px;\n\t\t\t}\n\t\t\t<\/style><div class=\"wpforms-container wpforms-container-full wpforms-block wpforms-block-9a5043ea-7f1c-4b65-8921-9fe5d5c78d95 wpforms-render-modern\" id=\"wpforms-86\"><form id=\"wpforms-form-86\" class=\"wpforms-validate wpforms-form wpforms-ajax-form\" data-formid=\"86\" method=\"post\" enctype=\"multipart\/form-data\" action=\"\/bem-vindo\/wp-json\/wp\/v2\/pages\/92\" data-token=\"a51e8b3ee774986c82457fedbfc0bc4f\" data-token-time=\"1776769718\"><noscript class=\"wpforms-error-noscript\">Please enable JavaScript in your browser to complete this form.<\/noscript><div id=\"wpforms-error-noscript\" style=\"display: none;\">Please enable JavaScript in your browser to complete this form.<\/div><div class=\"wpforms-field-container\"><div id=\"wpforms-86-field_1-container\" class=\"wpforms-field wpforms-field-name\" data-field-id=\"1\"><label class=\"wpforms-field-label\" for=\"wpforms-86-field_1\">Nome <span class=\"wpforms-required-label\" aria-hidden=\"true\">*<\/span><\/label><input type=\"text\" id=\"wpforms-86-field_1\" class=\"wpforms-field-medium wpforms-field-required\" name=\"wpforms[fields][1]\" aria-errormessage=\"wpforms-86-field_1-error\" required><\/div><div id=\"wpforms-86-field_2-container\" class=\"wpforms-field wpforms-field-email\" data-field-id=\"2\"><label class=\"wpforms-field-label\" for=\"wpforms-86-field_2\">Email <span class=\"wpforms-required-label\" aria-hidden=\"true\">*<\/span><\/label><input type=\"email\" id=\"wpforms-86-field_2\" class=\"wpforms-field-medium wpforms-field-required\" name=\"wpforms[fields][2]\" spellcheck=\"false\" aria-errormessage=\"wpforms-86-field_2-error\" required><\/div><div id=\"wpforms-86-field_5-container\" class=\"wpforms-field wpforms-field-number\" data-field-id=\"5\"><label class=\"wpforms-field-label\" for=\"wpforms-86-field_5\">Telefone<\/label><input type=\"number\" id=\"wpforms-86-field_5\" class=\"wpforms-field-medium\" name=\"wpforms[fields][5]\" step=\"any\" aria-errormessage=\"wpforms-86-field_5-error\" ><\/div><div id=\"wpforms-86-field_6-container\" class=\"wpforms-field wpforms-field-radio\" data-field-id=\"6\"><fieldset><legend class=\"wpforms-field-label\">Procura um Servi\u00e7o? <span class=\"wpforms-required-label\" aria-hidden=\"true\">*<\/span><\/legend><ul id=\"wpforms-86-field_6\" class=\"wpforms-field-required\"><li class=\"choice-1 depth-1\"><input type=\"radio\" id=\"wpforms-86-field_6_1\" name=\"wpforms[fields][6]\" value=\"\ud83d\udce1   comunica\u00e7\u00f5es\" aria-errormessage=\"wpforms-86-field_6_1-error\" aria-describedby=\"wpforms-86-field_6-description\" required ><label class=\"wpforms-field-label-inline\" for=\"wpforms-86-field_6_1\">\ud83d\udce1   comunica\u00e7\u00f5es<\/label><\/li><li class=\"choice-2 depth-1\"><input type=\"radio\" id=\"wpforms-86-field_6_2\" name=\"wpforms[fields][6]\" value=\"\u26a1\ufe0f   energia\" aria-errormessage=\"wpforms-86-field_6_2-error\" aria-describedby=\"wpforms-86-field_6-description\" required ><label class=\"wpforms-field-label-inline\" for=\"wpforms-86-field_6_2\">\u26a1\ufe0f   energia<\/label><\/li><li class=\"choice-3 depth-1\"><input type=\"radio\" id=\"wpforms-86-field_6_3\" name=\"wpforms[fields][6]\" value=\"\ud83d\udce3   marketing\" aria-errormessage=\"wpforms-86-field_6_3-error\" aria-describedby=\"wpforms-86-field_6-description\" required ><label class=\"wpforms-field-label-inline\" for=\"wpforms-86-field_6_3\">\ud83d\udce3   marketing<\/label><\/li><li class=\"choice-4 depth-1\"><input type=\"radio\" id=\"wpforms-86-field_6_4\" name=\"wpforms[fields][6]\" value=\"\ud83d\udecd\ufe0f   merchandising\" aria-errormessage=\"wpforms-86-field_6_4-error\" aria-describedby=\"wpforms-86-field_6-description\" required ><label class=\"wpforms-field-label-inline\" for=\"wpforms-86-field_6_4\">\ud83d\udecd\ufe0f   merchandising<\/label><\/li><li class=\"choice-5 depth-1\"><input type=\"radio\" id=\"wpforms-86-field_6_5\" name=\"wpforms[fields][6]\" value=\"Procura uma Solu\u00e7\u00e3o\" aria-errormessage=\"wpforms-86-field_6_5-error\" aria-describedby=\"wpforms-86-field_6-description\" required ><label class=\"wpforms-field-label-inline\" for=\"wpforms-86-field_6_5\">Procura uma Solu\u00e7\u00e3o<\/label><\/li><\/ul><div id=\"wpforms-86-field_6-description\" class=\"wpforms-field-description\">Por favor indique se procura um Servi\u00e7o ou Solu\u00e7\u00e3o.<\/div><\/fieldset><\/div><div id=\"wpforms-86-field_7-container\" class=\"wpforms-field wpforms-field-radio\" data-field-id=\"7\"><fieldset><legend class=\"wpforms-field-label\">Procura uma Solu\u00e7\u00e3o? <span class=\"wpforms-required-label\" aria-hidden=\"true\">*<\/span><\/legend><ul id=\"wpforms-86-field_7\" class=\"wpforms-field-required\"><li class=\"choice-1 depth-1\"><input type=\"radio\" id=\"wpforms-86-field_7_1\" name=\"wpforms[fields][7]\" value=\"\ud83d\udcbb   TI \u2013 Hardware &amp; Software\" aria-errormessage=\"wpforms-86-field_7_1-error\" aria-describedby=\"wpforms-86-field_7-description\" required ><label class=\"wpforms-field-label-inline\" for=\"wpforms-86-field_7_1\">\ud83d\udcbb   TI \u2013 Hardware &amp; Software<\/label><\/li><li class=\"choice-2 depth-1\"><input type=\"radio\" id=\"wpforms-86-field_7_2\" name=\"wpforms[fields][7]\" value=\"\ud83c\udf10   Digital\" aria-errormessage=\"wpforms-86-field_7_2-error\" aria-describedby=\"wpforms-86-field_7-description\" required ><label class=\"wpforms-field-label-inline\" for=\"wpforms-86-field_7_2\">\ud83c\udf10   Digital<\/label><\/li><li class=\"choice-3 depth-1\"><input type=\"radio\" id=\"wpforms-86-field_7_3\" name=\"wpforms[fields][7]\" value=\"\ud83c\udfe0   Planeamento\" aria-errormessage=\"wpforms-86-field_7_3-error\" aria-describedby=\"wpforms-86-field_7-description\" required ><label class=\"wpforms-field-label-inline\" for=\"wpforms-86-field_7_3\">\ud83c\udfe0   Planeamento<\/label><\/li><li class=\"choice-5 depth-1\"><input type=\"radio\" id=\"wpforms-86-field_7_5\" name=\"wpforms[fields][7]\" value=\"Procura um Servi\u00e7o\" aria-errormessage=\"wpforms-86-field_7_5-error\" aria-describedby=\"wpforms-86-field_7-description\" required ><label class=\"wpforms-field-label-inline\" for=\"wpforms-86-field_7_5\">Procura um Servi\u00e7o<\/label><\/li><\/ul><div id=\"wpforms-86-field_7-description\" class=\"wpforms-field-description\">Por favor indique se procura uma Solu\u00e7\u00e3o ou Servi\u00e7o.<\/div><\/fieldset><\/div><div id=\"wpforms-86-field_8-container\" class=\"wpforms-field wpforms-field-checkbox\" data-field-id=\"8\"><fieldset><legend class=\"wpforms-field-label\">Tipo de neg\u00f3cio? <span class=\"wpforms-required-label\" aria-hidden=\"true\">*<\/span><\/legend><ul id=\"wpforms-86-field_8\" class=\"wpforms-field-required\"><li class=\"choice-1 depth-1\"><input type=\"checkbox\" id=\"wpforms-86-field_8_1\" name=\"wpforms[fields][8][]\" value=\"Profissional\" aria-errormessage=\"wpforms-86-field_8_1-error\" required ><label class=\"wpforms-field-label-inline\" for=\"wpforms-86-field_8_1\">Profissional<\/label><\/li><li class=\"choice-2 depth-1\"><input type=\"checkbox\" id=\"wpforms-86-field_8_2\" name=\"wpforms[fields][8][]\" value=\"Particular\" aria-errormessage=\"wpforms-86-field_8_2-error\" required ><label class=\"wpforms-field-label-inline\" for=\"wpforms-86-field_8_2\">Particular<\/label><\/li><\/ul><\/fieldset><\/div>\t\t<div id=\"wpforms-86-field_4-container\"\n\t\t\tclass=\"wpforms-field wpforms-field-text\"\n\t\t\tdata-field-type=\"text\"\n\t\t\tdata-field-id=\"4\"\n\t\t\t>\n\t\t\t<label class=\"wpforms-field-label\" for=\"wpforms-86-field_4\" >procura Telefone Tipo<\/label>\n\t\t\t<input type=\"text\" id=\"wpforms-86-field_4\" class=\"wpforms-field-medium\" name=\"wpforms[fields][4]\" >\n\t\t<\/div>\n\t\t<div id=\"wpforms-86-field_3-container\" class=\"wpforms-field wpforms-field-textarea\" data-field-id=\"3\"><label class=\"wpforms-field-label\" for=\"wpforms-86-field_3\">Detalhe o que procura &#8230; <span class=\"wpforms-required-label\" aria-hidden=\"true\">*<\/span><\/label><textarea id=\"wpforms-86-field_3\" class=\"wpforms-field-medium wpforms-field-required\" name=\"wpforms[fields][3]\" aria-errormessage=\"wpforms-86-field_3-error\" required><\/textarea><\/div><script>\n\t\t\t\t( function() {\n\t\t\t\t\tconst style = document.createElement( 'style' );\n\t\t\t\t\tstyle.appendChild( document.createTextNode( '#wpforms-86-field_4-container { position: absolute !important; overflow: hidden !important; display: inline !important; height: 1px !important; width: 1px !important; z-index: -1000 !important; padding: 0 !important; } #wpforms-86-field_4-container input { visibility: hidden; } #wpforms-conversational-form-page #wpforms-86-field_4-container label { counter-increment: none; }' ) );\n\t\t\t\t\tdocument.head.appendChild( style );\n\t\t\t\t\tdocument.currentScript?.remove();\n\t\t\t\t} )();\n\t\t\t<\/script><\/div><!-- .wpforms-field-container --><div class=\"wpforms-recaptcha-container wpforms-is-recaptcha wpforms-is-recaptcha-type-v2\" ><div class=\"g-recaptcha\" data-sitekey=\"6LduY_krAAAAACLZFPBKkgwYQbk34QArwRtwCiR4\"><\/div><input type=\"text\" name=\"g-recaptcha-hidden\" class=\"wpforms-recaptcha-hidden\" style=\"position:absolute!important;clip:rect(0,0,0,0)!important;height:1px!important;width:1px!important;border:0!important;overflow:hidden!important;padding:0!important;margin:0!important;\" data-rule-recaptcha=\"1\"><\/div><div class=\"wpforms-submit-container\" ><input type=\"hidden\" name=\"wpforms[id]\" value=\"86\"><input type=\"hidden\" name=\"page_title\" value=\"\"><input type=\"hidden\" name=\"page_url\" value=\"https:\/\/mccs.pt\/bem-vindo\/wp-json\/wp\/v2\/pages\/92\"><input type=\"hidden\" name=\"url_referer\" value=\"\"><button type=\"submit\" name=\"wpforms[submit]\" id=\"wpforms-submit-86\" class=\"wpforms-submit\" data-alt-text=\"Sending...\" data-submit-text=\"Submit\" aria-live=\"assertive\" value=\"wpforms-submit\">Submit<\/button><img loading=\"lazy\" decoding=\"async\" src=\"https:\/\/mccs.pt\/bem-vindo\/wp-content\/plugins\/wpforms-lite\/assets\/images\/submit-spin.svg\" class=\"wpforms-submit-spinner\" style=\"display: none;\" width=\"26\" height=\"26\" alt=\"Loading\"><\/div><\/form><\/div>  <!-- .wpforms-container -->","protected":false},"excerpt":{"rendered":"","protected":false},"author":1,"featured_media":0,"parent":0,"menu_order":0,"comment_status":"closed","ping_status":"closed","template":"","meta":{"footnotes":""},"class_list":["post-92","page","type-page","status-publish","hentry"],"jetpack_sharing_enabled":true,"_links":{"self":[{"href":"https:\/\/mccs.pt\/bem-vindo\/wp-json\/wp\/v2\/pages\/92","targetHints":{"allow":["GET"]}}],"collection":[{"href":"https:\/\/mccs.pt\/bem-vindo\/wp-json\/wp\/v2\/pages"}],"about":[{"href":"https:\/\/mccs.pt\/bem-vindo\/wp-json\/wp\/v2\/types\/page"}],"author":[{"embeddable":true,"href":"https:\/\/mccs.pt\/bem-vindo\/wp-json\/wp\/v2\/users\/1"}],"replies":[{"embeddable":true,"href":"https:\/\/mccs.pt\/bem-vindo\/wp-json\/wp\/v2\/comments?post=92"}],"version-history":[{"count":2,"href":"https:\/\/mccs.pt\/bem-vindo\/wp-json\/wp\/v2\/pages\/92\/revisions"}],"predecessor-version":[{"id":94,"href":"https:\/\/mccs.pt\/bem-vindo\/wp-json\/wp\/v2\/pages\/92\/revisions\/94"}],"wp:attachment":[{"href":"https:\/\/mccs.pt\/bem-vindo\/wp-json\/wp\/v2\/media?parent=92"}],"curies":[{"name":"wp","href":"https:\/\/api.w.org\/{rel}","templated":true}]}}